{"id":90,"date":"2018-04-10T22:10:22","date_gmt":"2018-04-10T20:10:22","guid":{"rendered":"https:\/\/www.amigo.wroc.pl\/?page_id=90"},"modified":"2018-04-10T22:27:13","modified_gmt":"2018-04-10T20:27:13","slug":"filmy-z-wykladami-iii-konferencja-czlowiek-zywnosc-zdrowie-wroclaw-16-17-03-2018","status":"publish","type":"page","link":"https:\/\/www.amigo.wroc.pl\/index.php\/nauka\/filmy-z-wykladami-iii-konferencja-czlowiek-zywnosc-zdrowie-wroclaw-16-17-03-2018\/","title":{"rendered":"Filmy z wyk\u0142adami: III Konferencja &#8222;Cz\u0142owiek-\u017bywno\u015b\u0107-Zdrowie&#8221;, Wroc\u0142aw, 16-17.03.2018"},"content":{"rendered":"<p>Poni\u017cej (nagrane i przygotowane przez AMIGO dla Fundacji &#8222;Semper Naturalae&#8221;) wyk\u0142ady, kt\u00f3re mia\u0142y miejsce podczas III Konferencji Naukowej &#8222;Cz\u0142owiek-\u017bywno\u015b\u0107-Zdrowie&#8221; na Uniwersytecie Przyrodniczym we Wroc\u0142awiu w dniach 16-17.03.2018:<\/p>\n<p><strong>Karpackie zio\u0142a nasz nieodkryty skarb (Debata o zdrowiu, cz.1) &#8211; dr Henryk R\u00f3\u017ca\u0144ski<iframe src=\"https:\/\/www.youtube.com\/embed\/OLL3tmECUZA\" width=\"560\" height=\"315\" frameborder=\"0\" allowfullscreen=\"allowfullscreen\"><\/iframe><\/strong><\/p>\n<p><strong>Owoce \u017ar\u00f3d\u0142o zwi\u0105zk\u00f3w bioaktywnych (Debata o zdrowiu, cz.2) &#8211; dr hab. Alicja Kucharska, prof. UPWr<iframe src=\"https:\/\/www.youtube.com\/embed\/rT-o7HPixMY\" width=\"560\" height=\"315\" frameborder=\"0\" allowfullscreen=\"allowfullscreen\"><\/iframe><\/strong><\/p>\n<p><strong>Arboretum i Zak\u0142ad Fizjografii w Bolestraszycach (Debata o zdrowiu, cz.3) &#8211; mgr El\u017cbieta \u017byga\u0142a<iframe src=\"https:\/\/www.youtube.com\/embed\/Oj1-h54Ew30\" width=\"560\" height=\"315\" frameborder=\"0\" allowfullscreen=\"allowfullscreen\"><\/iframe><\/strong><\/p>\n<p><strong>Zwi\u0105zki toksyczne [bisfenol A] w \u015brodowisku i po\u017cywieniu&#8230; (Debata o zdrowiu, cz.4) &#8211; dr Anna Marcinkowska<iframe src=\"https:\/\/www.youtube.com\/embed\/weaHjzgqBog\" width=\"560\" height=\"315\" frameborder=\"0\" allowfullscreen=\"allowfullscreen\"><\/iframe><\/strong><\/p>\n<p><strong>Odpowiedzi na pytania po wyk\u0142adach wprowadzaj\u0105cych (Debata o zdrowiu, cz.5)<iframe src=\"https:\/\/www.youtube.com\/embed\/B_1Q3k9_6Hw\" width=\"560\" height=\"315\" frameborder=\"0\" allowfullscreen=\"allowfullscreen\"><\/iframe><\/strong><\/p>\n<p><strong>Co mo\u017ce by\u0107 polsk\u0105 super-\u017cywno\u015bci\u0105? (Debata o zdrowiu, cz.6)<iframe src=\"https:\/\/www.youtube.com\/embed\/hIyeatnwvN8\" width=\"560\" height=\"315\" frameborder=\"0\" allowfullscreen=\"allowfullscreen\"><\/iframe><\/strong><\/p>\n<p><strong>Innowacje w \u017cywno\u015bci naturalnej (Debata o zdrowiu, cz.7)<iframe src=\"https:\/\/www.youtube.com\/embed\/0EJg4dy3jq8\" width=\"560\" height=\"315\" frameborder=\"0\" allowfullscreen=\"allowfullscreen\"><\/iframe><\/strong><\/p>\n<p><strong>\u017bywno\u015b\u0107 i spo\u0142ecze\u0144stwo w 2050 roku (Debata o zdrowiu, cz.8)<iframe src=\"https:\/\/www.youtube.com\/embed\/08Q2w5k5G04\" width=\"560\" height=\"315\" frameborder=\"0\" allowfullscreen=\"allowfullscreen\"><\/iframe><\/strong><\/p>\n<p><strong>Dere\u0144 &#8211; \u017ar\u00f3d\u0142o zwi\u0105zk\u00f3w biologicznie aktywnych &#8211; dr hab. Alicja Kucharska, prof. UPWr<iframe src=\"https:\/\/www.youtube.com\/embed\/cQ3hVil3E3s\" width=\"560\" height=\"315\" frameborder=\"0\" allowfullscreen=\"allowfullscreen\"><\/iframe><\/strong><\/p>\n","protected":false},"excerpt":{"rendered":"<p>Poni\u017cej (nagrane i przygotowane przez AMIGO dla Fundacji &#8222;Semper Naturalae&#8221;) wyk\u0142ady, kt\u00f3re mia\u0142y miejsce podczas III Konferencji Naukowej &#8222;Cz\u0142owiek-\u017bywno\u015b\u0107-Zdrowie&#8221; na Uniwersytecie Przyrodniczym we Wroc\u0142awiu w dniach 16-17.03.2018: Karpackie zio\u0142a nasz nieodkryty skarb (Debata o zdrowiu, cz.1) &#8211; dr Henryk R\u00f3\u017ca\u0144ski Owoce \u017ar\u00f3d\u0142o zwi\u0105zk\u00f3w bioaktywnych (Debata o zdrowiu, cz.2) &#8211; dr hab. Alicja Kucharska, prof. UPWr &hellip; <\/p>\n<p class=\"link-more\"><a href=\"https:\/\/www.amigo.wroc.pl\/index.php\/nauka\/filmy-z-wykladami-iii-konferencja-czlowiek-zywnosc-zdrowie-wroclaw-16-17-03-2018\/\" class=\"more-link\">Czytaj dalej<span class=\"screen-reader-text\"> Filmy z wyk\u0142adami: III Konferencja &#8222;Cz\u0142owiek-\u017bywno\u015b\u0107-Zdrowie&#8221;, Wroc\u0142aw, 16-17.03.2018<\/span><\/a><\/p>\n","protected":false},"author":1,"featured_media":96,"parent":85,"menu_order":0,"comment_status":"closed","ping_status":"closed","template":"","meta":[],"_links":{"self":[{"href":"https:\/\/www.amigo.wroc.pl\/index.php\/wp-json\/wp\/v2\/pages\/90"}],"collection":[{"href":"https:\/\/www.amigo.wroc.pl\/index.php\/wp-json\/wp\/v2\/pages"}],"about":[{"href":"https:\/\/www.amigo.wroc.pl\/index.php\/wp-json\/wp\/v2\/types\/page"}],"author":[{"embeddable":true,"href":"https:\/\/www.amigo.wroc.pl\/index.php\/wp-json\/wp\/v2\/users\/1"}],"replies":[{"embeddable":true,"href":"https:\/\/www.amigo.wroc.pl\/index.php\/wp-json\/wp\/v2\/comments?post=90"}],"version-history":[{"count":3,"href":"https:\/\/www.amigo.wroc.pl\/index.php\/wp-json\/wp\/v2\/pages\/90\/revisions"}],"predecessor-version":[{"id":95,"href":"https:\/\/www.amigo.wroc.pl\/index.php\/wp-json\/wp\/v2\/pages\/90\/revisions\/95"}],"up":[{"embeddable":true,"href":"https:\/\/www.amigo.wroc.pl\/index.php\/wp-json\/wp\/v2\/pages\/85"}],"wp:featuredmedia":[{"embeddable":true,"href":"https:\/\/www.amigo.wroc.pl\/index.php\/wp-json\/wp\/v2\/media\/96"}],"wp:attachment":[{"href":"https:\/\/www.amigo.wroc.pl\/index.php\/wp-json\/wp\/v2\/media?parent=90"}],"curies":[{"name":"wp","href":"https:\/\/api.w.org\/{rel}","templated":true}]}}