{"id":72,"date":"2018-04-10T19:13:09","date_gmt":"2018-04-10T17:13:09","guid":{"rendered":"https:\/\/www.amigo.wroc.pl\/?page_id=72"},"modified":"2019-03-04T14:07:21","modified_gmt":"2019-03-04T13:07:21","slug":"praga-czechy-wycieczka-dwudniowa","status":"publish","type":"page","link":"https:\/\/www.amigo.wroc.pl\/index.php\/turystyka\/praga-czechy-wycieczka-dwudniowa\/","title":{"rendered":"Praga (Czechy) &#8211; wycieczka dwudniowa"},"content":{"rendered":"<p>Zapraszamy na dwudniow\u0105 wycieczk\u0119 do Pragi w Czechach, <strong>w cenie od 275 do 335 z\u0142 w sezonie 2019.<br \/>\nZapytania i zg\u0142oszenia prosimy przesy\u0142a\u0107 na maila: amigo@amigo.wroc.pl.<\/strong><\/p>\n<p align=\"center\"><span style=\"font-family: Tahoma; font-size: medium;\"><strong>RAMOWY PROGRAM (2019):<\/strong><\/span><\/p>\n<p style=\"text-align: left;\" align=\"center\"><span style=\"font-family: Tahoma; font-size: medium;\"> <strong>1 dzie\u0144:<br \/>\n<\/strong>Wyjazd z Wroc\u0142awia o godz. 6.00 (Dworzec PKS). Przejazd do Pragi.<br \/>\nZwiedzanie miasta:<br \/>\nplacu Hradcza\u0144skiego, Praskiego Hradu: dziedziniec reprezentacyjny, Katedra \u015aw. Wita, Stary Pa\u0142ac Kr\u00f3lewski, Bazylika \u015aw. Jerzego, Z\u0142ota Uliczka, Daliborka. Przej\u015bcie na Ma\u0142\u0105 Stran\u0119.<br \/>\nCzas wolny, a nast\u0119pnie przej\u015bcie przez rynek Ma\u0142ej Strany, ko\u015bci\u00f3\u0142 \u015aw. Miko\u0142aja, spacer uliczkami dzielnicy ambasad i pa\u0142ac\u00f3w.<br \/>\nW trakcie zwiedzania mo\u017cliwo\u015b\u0107 rejsu po We\u0142tawie (1 godzina). W godzinach popo\u0142udniowych przejazd do hotelu, zakwaterowanie.<br \/>\nWieczorem mo\u017cliwo\u015b\u0107 przejazdu komunikacj\u0105 miejsk\u0105 do centrum Pragi na spacer z przewodnikiem.<br \/>\nNocleg.<\/span><\/p>\n<p><span style=\"font-family: Tahoma; font-size: medium;\"> <strong>2 dzie\u0144:<br \/>\n<\/strong>\u015aniadanie. Wykwaterowanie z hotelu.<br \/>\nPrzejazd do centrum miasta i zwiedzanie prawobrze\u017cnej Pragi:<br \/>\nPlac Republiki- Obecni Dum, Brama Prochowa, Narodowy Bank Czeski, przej\u015bcie ulic\u0105 Celetn\u0105, kubistyczny Dom pod Czarn\u0105 Madonn\u0105, ko\u015bci\u00f3\u0142 Matki Bo\u017cej przed Tynem, Rynek Starego Miasta: \u015bredniowieczny Ratusz ze s\u0142ynnym zegarem Orloj, ko\u015bci\u00f3\u0142 \u015aw. Miko\u0142aja, pomnik reformatora Jana Husa, pa\u0142ac Kinskich. Przej\u015bcie przez Ma\u0142y Rynek i ulic\u0105 Karlow\u0105 do Klementinum i plac Krzi\u017cownicki na Most Karola.<br \/>\nSpacer wybrze\u017cem We\u0142tawy do Rudolfinum i \u017cydowskiej dzielnicy J\u00f3zefow.<br \/>\nPrzej\u015bcie do Nowego Miasta: Karolinum, Teatr Stan\u00f3w, targ pami\u0105tek na Havelskim mie\u015bcie, s\u0142ynny plac \u015aw. Wac\u0142awa z gmachem Muzeum Narodowego i pomnikiem patrona placu.<br \/>\nCzas wolny na obiad i zakupy. W godzinach popo\u0142udniowych wyjazd z Pragi. Przyjazd do Wroc\u0142awia w godzinach wieczornych.<\/span><\/p>\n<figure id=\"attachment_80\" aria-describedby=\"caption-attachment-80\" style=\"width: 525px\" class=\"wp-caption alignnone\"><img loading=\"lazy\" class=\"size-large wp-image-80\" src=\"https:\/\/www.amigo.wroc.pl\/wp-content\/uploads\/2018\/04\/2009-08-09-CZ-Praga-275-1024x768.jpg\" alt=\"\" width=\"525\" height=\"394\" srcset=\"https:\/\/www.amigo.wroc.pl\/wp-content\/uploads\/2018\/04\/2009-08-09-CZ-Praga-275-1024x768.jpg 1024w, https:\/\/www.amigo.wroc.pl\/wp-content\/uploads\/2018\/04\/2009-08-09-CZ-Praga-275-300x225.jpg 300w, https:\/\/www.amigo.wroc.pl\/wp-content\/uploads\/2018\/04\/2009-08-09-CZ-Praga-275-768x576.jpg 768w, https:\/\/www.amigo.wroc.pl\/wp-content\/uploads\/2018\/04\/2009-08-09-CZ-Praga-275.jpg 2048w\" sizes=\"(max-width: 525px) 100vw, 525px\" \/><figcaption id=\"caption-attachment-80\" class=\"wp-caption-text\">Nad We\u0142taw\u0105<\/figcaption><\/figure>\n<table border=\"1\" width=\"435\" cellspacing=\"3\" cellpadding=\"3\">\n<colgroup>\n<col width=\"186\" \/>\n<col width=\"226\" \/> <\/colgroup>\n<tbody>\n<tr>\n<td width=\"186\" height=\"56\">\n<p align=\"CENTER\"><strong><span style=\"font-family: Tahoma;\"><span style=\"font-size: x-large;\">terminy w 2019<\/span><\/span><\/strong><\/p>\n<\/td>\n<td width=\"226\">\n<p align=\"CENTER\"><strong><span style=\"color: #ff0000;\"><span style=\"font-family: Tahoma;\"><span style=\"font-size: x-large;\">CENA<\/span><\/span><\/span><\/strong><\/p>\n<\/td>\n<\/tr>\n<tr>\n<td width=\"186\" height=\"23\">\n<p align=\"CENTER\"><strong><span style=\"font-family: Tahoma;\"><span style=\"font-size: medium;\">16-17.03.2019<\/span><\/span><\/strong><\/p>\n<\/td>\n<td width=\"226\">\n<p align=\"CENTER\"><strong><span style=\"color: #ff0000;\"><span style=\"font-family: Tahoma;\"><span style=\"font-size: medium;\">275 z\u0142<\/span><\/span><\/span><\/strong><\/p>\n<\/td>\n<\/tr>\n<tr>\n<td width=\"186\" height=\"26\">\n<p align=\"CENTER\"><strong><span style=\"font-family: Tahoma;\"><span style=\"font-size: medium;\">9-10.03.2019<\/span><\/span><\/strong><\/p>\n<\/td>\n<td width=\"226\">\n<p align=\"CENTER\"><strong><span style=\"color: #ff0000;\"><span style=\"font-family: Tahoma;\"><span style=\"font-size: medium;\">275 z\u0142<\/span><\/span><\/span><\/strong><\/p>\n<\/td>\n<\/tr>\n<tr>\n<td width=\"186\" height=\"26\">\n<p align=\"CENTER\"><strong><span style=\"font-family: Tahoma;\"><span style=\"font-size: medium;\">30-31.03.2019<\/span><\/span><\/strong><\/p>\n<\/td>\n<td width=\"226\">\n<p align=\"CENTER\"><strong><span style=\"color: #ff0000;\"><span style=\"font-family: Tahoma;\"><span style=\"font-size: medium;\">275 z\u0142<\/span><\/span><\/span><\/strong><\/p>\n<\/td>\n<\/tr>\n<tr>\n<td width=\"186\" height=\"26\">\n<p align=\"CENTER\"><strong><span style=\"font-family: Tahoma;\"><span style=\"font-size: medium;\">13-14.04.2019<\/span><\/span><\/strong><\/p>\n<\/td>\n<td width=\"226\">\n<p align=\"CENTER\"><strong><span style=\"color: #ff0000;\"><span style=\"font-family: Tahoma;\"><span style=\"font-size: medium;\">285 z\u0142<\/span><\/span><\/span><\/strong><\/p>\n<\/td>\n<\/tr>\n<tr>\n<td width=\"186\" height=\"26\">\n<p align=\"CENTER\"><strong><span style=\"font-family: Tahoma;\"><span style=\"font-size: medium;\">27-28.04.2019<\/span><\/span><\/strong><\/p>\n<\/td>\n<td width=\"226\">\n<p align=\"CENTER\"><b><span style=\"font-family: Tahoma;\"><span style=\"color: #005500;\">33<span><span><span style=\"font-size: medium;\">5 z\u0142<\/span><\/span><\/span><\/span><\/span><\/b><\/p>\n<\/td>\n<\/tr>\n<tr>\n<td width=\"186\" height=\"26\">\n<p align=\"CENTER\"><strong><span style=\"font-family: Tahoma;\"><span style=\"font-size: medium;\">11-12.05.2019<\/span><\/span><\/strong><\/p>\n<\/td>\n<td width=\"226\">\n<p align=\"CENTER\"><strong><span style=\"color: #ff0000;\"><span style=\"font-family: Tahoma;\"><span style=\"font-size: medium;\">285 z\u0142<\/span><\/span><\/span><\/strong><\/p>\n<\/td>\n<\/tr>\n<tr>\n<td width=\"186\" height=\"25\">\n<p align=\"CENTER\"><strong><span style=\"font-family: Tahoma;\"><span style=\"font-size: medium;\">25-26.05.2019<\/span><\/span><\/strong><\/p>\n<\/td>\n<td width=\"226\">\n<p align=\"CENTER\"><strong><span style=\"color: #ff0000;\"><span style=\"font-family: Tahoma;\"><span style=\"font-size: medium;\">285 z\u0142<\/span><\/span><\/span><\/strong><\/p>\n<\/td>\n<\/tr>\n<tr>\n<td width=\"186\" height=\"25\">\n<p align=\"CENTER\"><strong><span style=\"font-family: Tahoma;\"><span style=\"font-size: medium;\">8-9.06.2019<\/span><\/span><\/strong><\/p>\n<\/td>\n<td width=\"226\">\n<p align=\"CENTER\"><strong><span style=\"color: #ff0000;\"><span style=\"font-family: Tahoma;\"><span style=\"font-size: medium;\">285 z\u0142<\/span><\/span><\/span><\/strong><\/p>\n<\/td>\n<\/tr>\n<tr>\n<td width=\"186\" height=\"25\">\n<p align=\"CENTER\"><strong><span style=\"font-family: Tahoma;\"><span style=\"font-size: medium;\">22-23.06.2019<\/span><\/span><\/strong><\/p>\n<\/td>\n<td width=\"226\">\n<p align=\"CENTER\"><strong><span style=\"color: #ff0000;\"><span style=\"font-family: Tahoma;\"><span style=\"font-size: medium;\">285 z\u0142<\/span><\/span><\/span><\/strong><\/p>\n<\/td>\n<\/tr>\n<tr>\n<td width=\"186\" height=\"23\">\n<p align=\"CENTER\"><strong><span style=\"font-family: Tahoma;\"><span style=\"font-size: medium;\">6-7.07.2019<\/span><\/span><\/strong><\/p>\n<\/td>\n<td width=\"226\">\n<p align=\"CENTER\"><strong><span style=\"color: #ff0000;\"><span style=\"font-family: Tahoma;\"><span style=\"font-size: medium;\">285 z\u0142<\/span><\/span><\/span><\/strong><\/p>\n<\/td>\n<\/tr>\n<tr>\n<td width=\"186\" height=\"25\">\n<p align=\"CENTER\"><strong><span style=\"font-family: Tahoma;\"><span style=\"font-size: medium;\">20-21.07.2019<\/span><\/span><\/strong><\/p>\n<\/td>\n<td width=\"226\">\n<p align=\"CENTER\"><strong><span style=\"color: #ff0000;\"><span style=\"font-family: Tahoma;\"><span style=\"font-size: medium;\">285 z\u0142<\/span><\/span><\/span><\/strong><\/p>\n<\/td>\n<\/tr>\n<tr>\n<td width=\"186\" height=\"27\">\n<p align=\"CENTER\"><strong><span style=\"font-family: Tahoma;\"><span style=\"font-size: medium;\">27-28.07.2019<\/span><\/span><\/strong><\/p>\n<\/td>\n<td width=\"226\">\n<p align=\"CENTER\"><strong><span style=\"color: #ff0000;\"><span style=\"font-family: Tahoma;\"><span style=\"font-size: medium;\">285 z\u0142<\/span><\/span><\/span><\/strong><\/p>\n<\/td>\n<\/tr>\n<tr>\n<td width=\"186\" height=\"27\">\n<p align=\"CENTER\"><strong><span style=\"font-family: Tahoma;\"><span style=\"font-size: medium;\">3-4.08.2019<\/span><\/span><\/strong><\/p>\n<\/td>\n<td width=\"226\">\n<p align=\"CENTER\"><strong><span style=\"color: #ff0000;\"><span style=\"font-family: Tahoma;\"><span style=\"font-size: medium;\">285 z\u0142<\/span><\/span><\/span><\/strong><\/p>\n<\/td>\n<\/tr>\n<tr>\n<td width=\"186\" height=\"24\">\n<p align=\"CENTER\"><strong><span style=\"font-family: Tahoma;\"><span style=\"font-size: medium;\">10-11.08.2019<\/span><\/span><\/strong><\/p>\n<\/td>\n<td width=\"226\">\n<p align=\"CENTER\"><strong><span style=\"color: #ff0000;\"><span style=\"font-family: Tahoma;\"><span style=\"font-size: medium;\">285 z\u0142<\/span><\/span><\/span><\/strong><\/p>\n<\/td>\n<\/tr>\n<tr>\n<td width=\"186\" height=\"24\">\n<p align=\"CENTER\"><strong><span style=\"font-family: Tahoma;\"><span style=\"font-size: medium;\">24-25.08.2019<\/span><\/span><\/strong><\/p>\n<\/td>\n<td width=\"226\">\n<p align=\"CENTER\"><strong><span style=\"color: #ff0000;\"><span style=\"font-family: Tahoma;\"><span style=\"font-size: medium;\">285 z\u0142<\/span><\/span><\/span><\/strong><\/p>\n<\/td>\n<\/tr>\n<tr>\n<td width=\"186\" height=\"23\">\n<p align=\"CENTER\"><strong><span style=\"font-family: Tahoma;\"><span style=\"font-size: medium;\">7-8.09.2019<\/span><\/span><\/strong><\/p>\n<\/td>\n<td width=\"226\">\n<p align=\"CENTER\"><strong><span style=\"color: #ff0000;\"><span style=\"font-family: Tahoma;\"><span style=\"font-size: medium;\">285 z\u0142<\/span><\/span><\/span><\/strong><\/p>\n<\/td>\n<\/tr>\n<tr>\n<td width=\"186\" height=\"23\">\n<p align=\"CENTER\"><strong><span style=\"font-family: Tahoma;\"><span style=\"font-size: medium;\">21-22.09.2019<\/span><\/span><\/strong><\/p>\n<\/td>\n<td width=\"226\">\n<p align=\"CENTER\"><strong><span style=\"color: #ff0000;\"><span style=\"font-family: Tahoma;\"><span style=\"font-size: medium;\">285 z\u0142<\/span><\/span><\/span><\/strong><\/p>\n<\/td>\n<\/tr>\n<tr>\n<td width=\"186\" height=\"24\">\n<p align=\"CENTER\"><strong><span style=\"font-family: Tahoma;\"><span style=\"font-size: medium;\">5-6.10.2019<\/span><\/span><\/strong><\/p>\n<\/td>\n<td width=\"226\">\n<p align=\"CENTER\"><strong><span style=\"color: #ff0000;\"><span style=\"font-family: Tahoma;\"><span style=\"font-size: medium;\">285 z\u0142<\/span><\/span><\/span><\/strong><\/p>\n<\/td>\n<\/tr>\n<tr>\n<td width=\"186\" height=\"26\">\n<p align=\"CENTER\"><strong><span style=\"font-family: Tahoma;\"><span style=\"font-size: medium;\">12-13.10.2019<\/span><\/span><\/strong><\/p>\n<\/td>\n<td width=\"226\">\n<p align=\"CENTER\"><strong><span style=\"color: #ff0000;\"><span style=\"font-family: Tahoma;\"><span style=\"font-size: medium;\">285 z\u0142<\/span><\/span><\/span><\/strong><\/p>\n<\/td>\n<\/tr>\n<tr>\n<td width=\"186\" height=\"26\">\n<p align=\"CENTER\"><strong><span style=\"font-family: Tahoma;\"><span style=\"font-size: medium;\">19-20.10.2019<br \/>\n26-27.10.2019<br \/>\n<\/span><\/span><\/strong><\/p>\n<\/td>\n<td width=\"226\">\n<p align=\"CENTER\"><strong><span style=\"color: #ff0000;\"><span style=\"font-family: Tahoma;\"><span style=\"font-size: medium;\">275 z\u0142<br \/>\n275 z\u0142<br \/>\n<\/span><\/span><\/span><\/strong><\/p>\n<\/td>\n<\/tr>\n<tr>\n<td width=\"186\" height=\"23\">\n<p align=\"CENTER\"><strong><span style=\"font-family: Tahoma;\"><span style=\"font-size: medium;\">9-10.11.2019<\/span><\/span><\/strong><\/p>\n<\/td>\n<td width=\"226\">\n<p align=\"CENTER\"><strong><span style=\"color: #ff0000;\"><span style=\"font-family: Tahoma;\"><span style=\"font-size: medium;\">275 z\u0142<\/span><\/span><\/span><\/strong><\/p>\n<\/td>\n<\/tr>\n<tr>\n<td width=\"186\" height=\"23\">\n<p align=\"CENTER\"><strong><span style=\"font-family: Tahoma;\"><span style=\"font-size: medium;\">14-15.12.2019<br \/>\n(Jarmark Bo\u017conarodzeniowy)<\/span><\/span><\/strong><\/p>\n<\/td>\n<td width=\"226\">\n<p align=\"CENTER\"><strong><span style=\"color: #ff0000;\"><span style=\"font-family: Tahoma;\"><span style=\"font-size: medium;\">275 z\u0142<\/span><\/span><\/span><\/strong><\/p>\n<\/td>\n<\/tr>\n<\/tbody>\n<\/table>\n<figure id=\"attachment_79\" aria-describedby=\"caption-attachment-79\" style=\"width: 525px\" class=\"wp-caption alignnone\"><img loading=\"lazy\" class=\"size-large wp-image-79\" src=\"https:\/\/www.amigo.wroc.pl\/wp-content\/uploads\/2018\/04\/2009-08-09-CZ-Praga-127-1024x768.jpg\" alt=\"\" width=\"525\" height=\"394\" srcset=\"https:\/\/www.amigo.wroc.pl\/wp-content\/uploads\/2018\/04\/2009-08-09-CZ-Praga-127-1024x768.jpg 1024w, https:\/\/www.amigo.wroc.pl\/wp-content\/uploads\/2018\/04\/2009-08-09-CZ-Praga-127-300x225.jpg 300w, https:\/\/www.amigo.wroc.pl\/wp-content\/uploads\/2018\/04\/2009-08-09-CZ-Praga-127-768x576.jpg 768w, https:\/\/www.amigo.wroc.pl\/wp-content\/uploads\/2018\/04\/2009-08-09-CZ-Praga-127.jpg 2048w\" sizes=\"(max-width: 525px) 100vw, 525px\" \/><figcaption id=\"caption-attachment-79\" class=\"wp-caption-text\">Tury\u015bci nieopodal praskiego zegara astronomicznego Orloj<\/figcaption><\/figure>\n<p><span style=\"font-family: Tahoma; font-size: small;\"><strong><u>\u015awiadczenia:<\/u><\/strong><\/span><span style=\"font-family: Tahoma; font-size: small;\"><br \/>\nZAKWATEROWANIE : 1 nocleg w hotelu 3* w Pradze (pokoje 2, 3 -osobowe z \u0142azienkami)<br \/>\nWY\u017bYWIENIE : \u015bniadanie (bufet)<br \/>\nPRZEJAZD : autokarem (klimatyzacja, toaleta, dvd)<br \/>\nOPIEKA pilota \u0096 przewodnika<br \/>\nUBEZPIECZENIE KL (do 10 000 Euro) i NNW (do 10 000 z\u0142)<\/span><\/p>\n<p><span style=\"font-family: Tahoma; font-size: small;\"><strong><u>UWAGI:<\/u><\/strong><br \/>\nBilety wst\u0119p\u00f3w do zwiedzanych obiekt\u00f3w oraz bilety na komunikacj\u0119 miejsk\u0105 p\u0142atne we w\u0142asnym zakresie (ok. 350 CZK\/os.).<br \/>\nRejs po We\u0142tawie &#8211; ok. 300 CZK\/os.<br \/>\nObowi\u0105zkowa op\u0142ata za zestaw Audio Guide &#8211; 10 z\u0142\/os. (p\u0142atne u pilota w autokarze).<\/span>\u00a0<span style=\"font-family: Tahoma; font-size: small;\"><br \/>\n<\/span><span style=\"font-family: Tahoma; font-size: small;\">Pok\u00f3j 1-os za dop\u0142at\u0105: 85 z\u0142.<br \/>\nBiuro zastrzega sobie prawo do zmiany kolejno\u015bci zwiedzania. Szczeg\u00f3\u0142owy program ustala pilot. Pilot nie oprowadza wewn\u0105trz zwiedzanych obiekt\u00f3w.<\/span><\/p>\n<figure id=\"attachment_78\" aria-describedby=\"caption-attachment-78\" style=\"width: 525px\" class=\"wp-caption alignnone\"><img loading=\"lazy\" class=\"size-large wp-image-78\" src=\"https:\/\/www.amigo.wroc.pl\/wp-content\/uploads\/2018\/04\/2009-08-09-CZ-Praga-371-1024x768.jpg\" alt=\"\" width=\"525\" height=\"394\" srcset=\"https:\/\/www.amigo.wroc.pl\/wp-content\/uploads\/2018\/04\/2009-08-09-CZ-Praga-371-1024x768.jpg 1024w, https:\/\/www.amigo.wroc.pl\/wp-content\/uploads\/2018\/04\/2009-08-09-CZ-Praga-371-300x225.jpg 300w, https:\/\/www.amigo.wroc.pl\/wp-content\/uploads\/2018\/04\/2009-08-09-CZ-Praga-371-768x576.jpg 768w, https:\/\/www.amigo.wroc.pl\/wp-content\/uploads\/2018\/04\/2009-08-09-CZ-Praga-371.jpg 2048w\" sizes=\"(max-width: 525px) 100vw, 525px\" \/><figcaption id=\"caption-attachment-78\" class=\"wp-caption-text\">Skoda na praskiej uliczce<\/figcaption><\/figure>\n","protected":false},"excerpt":{"rendered":"<p>Zapraszamy na dwudniow\u0105 wycieczk\u0119 do Pragi w Czechach, w cenie od 275 do 335 z\u0142 w sezonie 2019. Zapytania i zg\u0142oszenia prosimy przesy\u0142a\u0107 na maila: amigo@amigo.wroc.pl. RAMOWY PROGRAM (2019): 1 dzie\u0144: Wyjazd z Wroc\u0142awia o godz. 6.00 (Dworzec PKS). Przejazd do Pragi. Zwiedzanie miasta: placu Hradcza\u0144skiego, Praskiego Hradu: dziedziniec reprezentacyjny, Katedra \u015aw. Wita, Stary Pa\u0142ac &hellip; <\/p>\n<p class=\"link-more\"><a href=\"https:\/\/www.amigo.wroc.pl\/index.php\/turystyka\/praga-czechy-wycieczka-dwudniowa\/\" class=\"more-link\">Czytaj dalej<span class=\"screen-reader-text\"> Praga (Czechy) &#8211; wycieczka dwudniowa<\/span><\/a><\/p>\n","protected":false},"author":1,"featured_media":75,"parent":64,"menu_order":0,"comment_status":"closed","ping_status":"closed","template":"","meta":[],"_links":{"self":[{"href":"https:\/\/www.amigo.wroc.pl\/index.php\/wp-json\/wp\/v2\/pages\/72"}],"collection":[{"href":"https:\/\/www.amigo.wroc.pl\/index.php\/wp-json\/wp\/v2\/pages"}],"about":[{"href":"https:\/\/www.amigo.wroc.pl\/index.php\/wp-json\/wp\/v2\/types\/page"}],"author":[{"embeddable":true,"href":"https:\/\/www.amigo.wroc.pl\/index.php\/wp-json\/wp\/v2\/users\/1"}],"replies":[{"embeddable":true,"href":"https:\/\/www.amigo.wroc.pl\/index.php\/wp-json\/wp\/v2\/comments?post=72"}],"version-history":[{"count":7,"href":"https:\/\/www.amigo.wroc.pl\/index.php\/wp-json\/wp\/v2\/pages\/72\/revisions"}],"predecessor-version":[{"id":169,"href":"https:\/\/www.amigo.wroc.pl\/index.php\/wp-json\/wp\/v2\/pages\/72\/revisions\/169"}],"up":[{"embeddable":true,"href":"https:\/\/www.amigo.wroc.pl\/index.php\/wp-json\/wp\/v2\/pages\/64"}],"wp:featuredmedia":[{"embeddable":true,"href":"https:\/\/www.amigo.wroc.pl\/index.php\/wp-json\/wp\/v2\/media\/75"}],"wp:attachment":[{"href":"https:\/\/www.amigo.wroc.pl\/index.php\/wp-json\/wp\/v2\/media?parent=72"}],"curies":[{"name":"wp","href":"https:\/\/api.w.org\/{rel}","templated":true}]}}