{"id":128,"date":"2018-09-21T13:20:51","date_gmt":"2018-09-21T11:20:51","guid":{"rendered":"https:\/\/www.amigo.wroc.pl\/?page_id=128"},"modified":"2022-01-06T23:59:38","modified_gmt":"2022-01-06T22:59:38","slug":"tlocznia-sokow-jablkowych-w-nowych-sadach-pow-przemyski","status":"publish","type":"page","link":"https:\/\/www.amigo.wroc.pl\/index.php\/zywnosc\/tlocznia-sokow-jablkowych-w-nowych-sadach-pow-przemyski\/","title":{"rendered":"T\u0142ocznia sok\u00f3w jab\u0142kowych w Nowych Sadach, pow. przemyski"},"content":{"rendered":"<p>Przemy\u015bl i okolice to nie tylko pi\u0119kne krajobrazy i wspania\u0142e zabytki, ale r\u00f3wnie\u017c miejsce gdzie produkuje si\u0119 smaczne i zdrowe soki ze starych odmian jab\u0142ek. W miejscowo\u015bci Nowe Sady, tu\u017c przy granicy polsko-ukrai\u0144skiej, Fundacja &#8222;Dziedzictwo Przyrodnicze&#8221; uruchomi\u0142a swoj\u0105 t\u0142oczni\u0119. W materiale filmowym dr Antoni Kostka przybli\u017ca nam og\u00f3lne cele dzia\u0142alno\u015bci fundacji oraz omawia proces technologiczny, dzi\u0119ki kt\u00f3remu uzyskuje si\u0119 ten wyj\u0105tkowy sok.<\/p>\n<p><iframe src=\"https:\/\/www.youtube.com\/embed\/wa-8IZM8KYw\" width=\"480\" height=\"270\" frameborder=\"0\" allowfullscreen=\"allowfullscreen\"><\/iframe><\/p>\n","protected":false},"excerpt":{"rendered":"<p>Przemy\u015bl i okolice to nie tylko pi\u0119kne krajobrazy i wspania\u0142e zabytki, ale r\u00f3wnie\u017c miejsce gdzie produkuje si\u0119 smaczne i zdrowe soki ze starych odmian jab\u0142ek. W miejscowo\u015bci Nowe Sady, tu\u017c przy granicy polsko-ukrai\u0144skiej, Fundacja &#8222;Dziedzictwo Przyrodnicze&#8221; uruchomi\u0142a swoj\u0105 t\u0142oczni\u0119. W materiale filmowym dr Antoni Kostka przybli\u017ca nam og\u00f3lne cele dzia\u0142alno\u015bci fundacji oraz omawia proces technologiczny, &hellip; <\/p>\n<p class=\"link-more\"><a href=\"https:\/\/www.amigo.wroc.pl\/index.php\/zywnosc\/tlocznia-sokow-jablkowych-w-nowych-sadach-pow-przemyski\/\" class=\"more-link\">Czytaj dalej<span class=\"screen-reader-text\"> T\u0142ocznia sok\u00f3w jab\u0142kowych w Nowych Sadach, pow. przemyski<\/span><\/a><\/p>\n","protected":false},"author":1,"featured_media":0,"parent":121,"menu_order":0,"comment_status":"closed","ping_status":"closed","template":"","meta":[],"_links":{"self":[{"href":"https:\/\/www.amigo.wroc.pl\/index.php\/wp-json\/wp\/v2\/pages\/128"}],"collection":[{"href":"https:\/\/www.amigo.wroc.pl\/index.php\/wp-json\/wp\/v2\/pages"}],"about":[{"href":"https:\/\/www.amigo.wroc.pl\/index.php\/wp-json\/wp\/v2\/types\/page"}],"author":[{"embeddable":true,"href":"https:\/\/www.amigo.wroc.pl\/index.php\/wp-json\/wp\/v2\/users\/1"}],"replies":[{"embeddable":true,"href":"https:\/\/www.amigo.wroc.pl\/index.php\/wp-json\/wp\/v2\/comments?post=128"}],"version-history":[{"count":3,"href":"https:\/\/www.amigo.wroc.pl\/index.php\/wp-json\/wp\/v2\/pages\/128\/revisions"}],"predecessor-version":[{"id":230,"href":"https:\/\/www.amigo.wroc.pl\/index.php\/wp-json\/wp\/v2\/pages\/128\/revisions\/230"}],"up":[{"embeddable":true,"href":"https:\/\/www.amigo.wroc.pl\/index.php\/wp-json\/wp\/v2\/pages\/121"}],"wp:attachment":[{"href":"https:\/\/www.amigo.wroc.pl\/index.php\/wp-json\/wp\/v2\/media?parent=128"}],"curies":[{"name":"wp","href":"https:\/\/api.w.org\/{rel}","templated":true}]}}